Calculate the greatest common divisor of 1750 and 210.
70
What is the greatest common factor of 30 and 285?
15
Calculate the greatest common factor of 2106 and 26.
26
What is the greatest common factor of 28 and 3892?
28
Calculate the greatest common divisor of 245 and 36995.
245
What is the greatest common factor of 51 and 13753?
17
What is the highest common factor of 282 and 1332?
6
What is the greatest common divisor of 1472 and 23?
23
What is the highest common divisor of 50 and 14650?
50
Calculate the highest common divisor of 550 and 5885.
55
Calculate the greatest common divisor of 92 and 23874.
46
What is the greatest common divisor of 1315 and 80?
5
What is the greatest common factor of 1232 and 88?
88
What is the highest common factor of 24 and 42?
6
Calculate the greatest common divisor of 2790 and 270.
90
What is the greatest common divisor of 143 and 22?
11
Calculate the highest common factor of 42 and 14882.
14
What is the greatest common divisor of 2 and 2524?
2
What is the greatest common factor of 5644 and 51?
17
What is the highest common divisor of 56 and 70?
14
What is the greatest common factor of 2669 and 17?
17
Calculate the greatest common divisor of 34 and 2.
2
What is the greatest common factor of 406 and 50750?
406
What is the highest common divisor of 16872 and 592?
296
What is the greatest common factor of 2156 and 22?
22
What is the greatest common divisor of 28 and 1134?
14
What is the highest common factor of 62 and 10?
2
Calculate the greatest common factor of 268 and 8442.
134
Calculate the highest common divisor of 637 and 182.
91
What is the greatest common divisor of 3588 and 780?
156
Calculate the highest common factor of 93 and 3.
3
What is the highest common factor of 590 and 105?
5
Calculate the highest common factor of 165 and 88.
11
Calculate the greatest common divisor of 24 and 424.
8
Calculate the highest common divisor of 18 and 8487.
9
What is the greatest common divisor of 210 and 3654?
42
Calculate the highest common divisor of 30 and 16.
2
Calculate the greatest common divisor of 19 and 8436.
19
What is the highest common factor of 60 and 534?
6
What is the highest common factor of 51072 and 192?
192
What is the highest common factor of 5246 and 366?
122
What is the greatest common factor of 165 and 33?
33
What is the greatest common factor of 34 and 17?
17
What is the highest common factor of 221 and 26?
13
Calculate the greatest common divisor of 646 and 38.
38
What is the greatest common divisor of 14999 and 53?
53
What is the highest common divisor of 490 and 1134?
14
Calculate the greatest common factor of 18 and 873.
9
Calculate the highest common divisor of 484 and 44.
44
Calculate the greatest common factor of 10 and 1250.
10
What is the highest common divisor of 22 and 550?
22
Calculate the greatest common factor of 16 and 464.
16
Calculate the greatest common divisor of 266 and 418.
38
What is the greatest common factor of 825 and 150?
75
Calculate the highest common divisor of 57 and 133.
19
Calculate the greatest common factor of 344 and 8.
8
What is the greatest common divisor of 36 and 64?
4
Calculate the greatest common factor of 8 and 1808.
8
Calculate the greatest common divisor of 46445 and 35.
35
What is the greatest common divisor of 234 and 261?
9
What is the greatest common factor of 5 and 31?
1
Calculate the highest common factor of 231 and 21.
21
What is the highest common factor of 60 and 375?
15
What is the greatest common divisor of 112 and 98?
14
Calculate the highest common divisor of 25 and 24775.
25
What is the highest common divisor of 880 and 330?
110
Calculate the highest common divisor of 91 and 94003.
91
What is the greatest common divisor of 112 and 24?
8
Calculate the highest common factor of 775 and 75.
25
What is the greatest common factor of 20 and 920?
20
What is the greatest common divisor of 837 and 155?
31
Calculate the greatest common divisor of 27184 and 80.
16
Calculate the greatest common divisor of 12 and 356.
4
Calculate the greatest common divisor of 30 and 7710.
30
Calculate the highest common divisor of 50 and 1600.
50
What is the greatest common divisor of 414 and 108?
18
Calculate the greatest common factor of 48 and 816.
48
Calculate the highest common divisor of 3945 and 165.
15
Calculate the highest common divisor of 104 and 2054.
26
What is the greatest common factor of 196 and 224?
28
Calculate the highest common factor of 173233 and 107.
107
Calculate the highest common factor of 92 and 115.
23
Calculate the highest common divisor of 69024 and 32.
32
What is the highest common factor of 1313 and 325?
13
Calculate the greatest common divisor of 15654 and 3.
3
Calculate the highest common factor of 636 and 204.
12
Calculate the highest common factor of 80 and 4336.
16
What is the greatest common divisor of 272 and 595?
17
What is the highest common divisor of 590 and 1298?
118
What is the greatest common factor of 13998 and 6?
6
What is the highest common factor of 114 and 171?
57
Calculate the greatest common divisor of 14 and 20.
2
What is the highest common factor of 931 and 19?
19
What is the highest common factor of 105 and 1305?
15
Calculate the highest common factor of 147 and 861.
21
What is the greatest common divisor of 6272 and 49?
49
What is the greatest common divisor of 117 and 624?
39
What is the highest common divisor of 560 and 64?
16
Calculate the highest common divisor of 18 and 576.
18
What is the greatest common factor of 66 and 44?
22
What is the greatest common factor of 16 and 17?
1
What is the greatest common divisor of 508 and 44?
4
Calculate the greatest common divisor of 18 and 8.
2
Calculate the highest common factor of 2442 and 264.
66
Calculate the highest common factor of 589 and 7223.
31
Calculate the highest common divisor of 105 and 21.
21
Calculate the highest common factor of 1165 and 5.
5
What is the greatest common divisor of 36 and 804?
12
Calculate the greatest common divisor of 91 and 1183.
91
What is the greatest common factor of 77 and 407?
11
Calculate the highest common factor of 324 and 132.
12
What is the highest common factor of 1311 and 57?
57
Calculate the greatest common divisor of 123 and 328.
41
Calculate the greatest common divisor of 432 and 513.
27
What is the highest common divisor of 12 and 99?
3
Calculate the highest common factor of 94 and 8.
2
Calculate the highest common factor of 280 and 1820.
140
What is the highest common divisor of 1336 and 7849?
167
Calculate the highest common factor of 600 and 36.
12
Calculate the highest common factor of 1244 and 8.
4
What is the greatest common factor of 6000 and 36?
12
What is the greatest common divisor of 432 and 80?
16
Calculate the highest common factor of 315 and 2674.
7
Calculate the greatest common divisor of 1892 and 172.
172
Calculate the highest common divisor of 663 and 78.
39
Calculate the greatest common divisor of 12 and 44.
4
What is the highest common factor of 129 and 2?
1
What is the highest common divisor of 988 and 52?
52
What is the greatest common factor of 15642 and 990?
198
Calculate the highest common factor of 9 and 243.
9
What is the greatest common factor of 30 and 790?
10
Calculate the highest common divisor of 12510 and 90.
90
What is the highest common divisor of 24720 and 360?
120
Calculate the highest common factor of 88 and 3256.
88
Calculate the greatest common divisor of 198 and 36.
18
What is the highest common factor of 417 and 15?
3
Calculate the highest common divisor of 118 and 4897.
59
What is the highest common factor of 20852 and 104?
52
Calculate the greatest common divisor of 47845 and 35.
35
Calculate the greatest common factor of 161 and 70.
7
What is the greatest common factor of 114 and 3116?
38
What is the greatest common factor of 119 and 315?
7
What is the highest common divisor of 33 and 201?
3
What is the greatest common factor of 658 and 7?
7
What is the highest common factor of 1274 and 26?
26
What is the highest common divisor of 159 and 13568?
53
Calculate the highest common factor of 168 and 4872.
168
Calculate the highest common factor of 328 and 41.
41
Calculate the greatest common divisor of 42 and 1260.
42
Calculate the highest common factor of 224 and 1848.
56